at is the value of 6 - 20 - -8 - (-2 - 0)?
-4
What is -12 - -16 - (8 - (5 + -2))?
-1
What is the value of (2 + -12 - (-6 - -3)) + 3?
-4
Evaluate (0 - -2) + -1 + 2 + -3.
0
What is the value of -1 + -1 - (5 + -9 + 3)?
-1
Evaluate (0 - (-1 + 3) - -2) + 4.
4
What is the value of 2 + (-9 - (5 + -10))?
-2
What is the value of -8 + 4 - -3 - 2 - -10?
7
What is the value of (3 - -1) + (-27 - -27)?
4
Calculate (5 - 8 - (-6 + 0)) + -5.
-2
Calculate -2 + 0 - (8 + -19 + 8).
1
Calculate 0 + -7 + 8 - -5.
6
-6 + 1 + (16 + -17 - 1)
-7
What is the value of 6 - (-4 + 4 + 2)?
4
What is the value of (-4 - -9) + -7 + -3?
-5
Calculate -13 + 17 + (-6 - -2).
0
What is 10 + -7 + (-1 - -1 - -2)?
5
Calculate 7 - 7 - (2 + 0) - -5.
3
What is the value of 0 + -7 + -3 + (3 - -4)?
-3
Evaluate (3 - 0 - 1) + -6 + -1.
-5
Calculate 3 - -1 - (8 - 2).
-2
Evaluate (-9 - -8) + 3 - -1.
3
(9 - 16) + 7 + 2
2
Evaluate -21 + 17 + -1 + 4.
-1
(-3 - 0 - -7) + (0 - 2)
2
What is the value of 6 - (7 + -3) - 7?
-5
Calculate (2 - 5 - 0) + 5 + -3.
-1
What is the value of (0 - (-11 + 7)) + -5?
-1
Evaluate 4 - 11 - (-4 + 2).
-5
Calculate 5 + -4 + -7 + 2.
-4
What is 0 + (-12 - -6) - -8?
2
Evaluate -7 + (5 - (2 + 1)).
-5
What is the value of -4 + 0 + 6 + -1 + -3?
-2
What is the value of 4 + (-3 - -4) + -2?
3
What is the value of (-97 - -96) + 7 + 0 + -1?
5
What is the value of 8 + -8 + 0 + -4?
-4
What is 4 - (3 + -1 - -1) - 6?
-5
What is the value of 304 + -318 + (11 - 0)?
-3
What is (0 - -6) + -7 + (1 - -2)?
2
What is 9 + 0 - 16 - -6?
-1
Evaluate -2 - (2 + -12 + 4).
4
Evaluate (-2 - (-4 - -11)) + 5.
-4
Evaluate 8 + -33 + 27 + -4 + 0.
-2
What is the value of 23 + -25 + -5 + 1?
-6
11 - 3 - (4 - 3 - -2)
5
-14 + 3 + 8 + -1
-4
-4 + 10 + -17 + 4
-7
Calculate 3 - ((15 - 7) + -4 - 0).
-1
13 + -9 + -9 + 0
-5
What is -6 - (-1 + 3 + -6)?
-2
Calculate 8 + 0 - (-2 - -2 - -4).
4
Evaluate 3 + -5 + 1 - -5.
4
What is 3 + 1 - (1 + 1)?
2
What is (2 - 5 - -5) + 1 + -1?
2
-2 + 0 + 0 + 1 - 3
-4
What is the value of 4 - -4 - (1 + 14)?
-7
Calculate -2 + (-5 - -5) + 8.
6
What is 7 + -1 - (3 + -9 + 8)?
4
What is -9 + 3 + (-10 - -10)?
-6
What is the value of -3 + 1 + (9 - 4)?
3
What is the value of 0 + -6 + 12 - (-6 - -18)?
-6
Calculate -1 + (2 + -5 - -10) - 5.
1
(3 + 3 - 5) + -3 + -7
-9
Evaluate (7 - 7 - 10) + 4.
-6
What is -3 + 9 + 1 + 1 + -1?
7
What is 1 + (-2 - 0) + -3?
-4
Evaluate -2 + 3 + -6 + 8 + -12.
-9
Evaluate 1 - (1 + -6) - (17 - 17).
6
Evaluate -1 + -2 + 6 + -8.
-5
What is 5 + -8 + 5 + 3?
5
Evaluate (0 - 0) + 4 - (-111 + 112).
3
What is 1 - (6 - 3) - -3?
1
-7 + (6 - (3 + -4) - -7)
7
What is the value of 16 + -9 - (-1 - -6)?
2
218 + -218 + -2 + -1
-3
What is 7 + 6 + -21 + 4?
-4
What is the value of -4 - 0 - (-2 - -1) - 0?
-3
-2 + 1 + -3 - (-3 - 5)
4
What is the value of 5 - (9 - (3 - 4))?
-5
Evaluate -2 + (9 - 18 - (-1 - 3)).
-7
What is -2 - ((-8 - -6) + (4 - -4))?
-8
Evaluate 36 - 29 - (15 - (1 + 2)).
-5
1 + 3 + (-11 - -8)
1
Evaluate (-3 - -3) + 4 + 0.
4
Calculate -2 + (11 - (3 - 1)) - 2.
5
What is -10 + (0 - (-1 + (2 - 6)))?
-5
Evaluate 1 + -1 + (8 - 13).
-5
-103 + 94 + -2 + 2 + 8
-1
4 - 1 - (-5 + 9)
-1
Evaluate -4 + (1 - 0) - (0 + 0).
-3
What is the value of -2 + 0 - (4 + 1 + -6)?
-1
Evaluate (-2 - (-12 + 11)) + -5 + 0.
-6
What is the value of 5 - (7 - (5 - 2))?
1
-7 + 15 + 2 + -4
6
What is 2 + (-7 + 8 - -4)?
7
1 + -1 + (4 - 1)
3
What is the value of -8 + 14 + -7 - (-3 + 1)?
1
4 - (-5 - (-10 + 1)) - 8
-8
What is the value of (-1 - 4) + 6 + 3 + -2?
2
What is the value of -4 - -5 - (-2 - 0)?
3
Evaluate (-6 - -12 - 8) + 6.
4
(11 - 15) + 3 + (0 - -1)
0
Calculate -3 + 6 - (7 + -4).
0
7 + -7 - ((-12 - -6) + 7)
-1
What is the value of (-4 - (-2 - 2)) + 2 + -1?
1
What is the value of -1 + (2 - (-3 - -7))?
-3
What is -2 + (-6 + 0 - -4) + -4?
-8
Evaluate -5 + (3 + -2 - -1).
-3
Evaluate 238 + -224 - ((0 - -1) + 7).
6
Evaluate 6 + (3 - (6 - 4)) - 12.
-5
Evaluate 10 + -8 + 4 + 4 - 3.
7
Evaluate 0 - -5 - (25 + -15 + -3).
-2
Evaluate 6 - (1 + 2 + 1).
2
Evaluate -13 + -1 + 12 + 1.
-1
Evaluate (1 - -8) + (-25 - -19).
3
What is the value of -1 - (-3 - (-1 + 0)) - -1?
2
What is 1 + (4 - 1) + -3?
1
-1 + -7 + (-2 - -5)
-5
What is the value of 7 - (-2 + 4) - 2?
3
Calculate (-2 + 5 - 3) + -3 + 3.
0
Evaluate (-9 - -9 - -13) + -10.
3
-8 + -3 + 14 - 2
1
What is the value of 3 - -1 - (-15 - -20)?
-1
2 + (-4 + -3 - 5) + 4
-6
What is the value of -1 + 4 - (-12 - -11)?
4
Evaluate 3 + -2 - 3 - (-1 - 6).
5
-1 + -1 + 4 + 2 + -3
1
Calculate 15 + -1 - (1 - -8).
5
43 + -50 + (1 - -1)
-5
2 + (-3 - 0) + (3 - 5)
-3
Evaluate -5 + (6 - 2) + -2.
-3
0 + -1 + -1 + -3 + 3
-2
(6 - 1) + -5 + -9 + 13
4
What is the value of -6 - (-2 - (5 - -2))?
3
What is the value of -1 - ((4 - 9) + 11)?
-7
Calculate (-3 + -1 - -4) + -6 + 5.
-1
What is 7 - (6 + (-3 - 0))?
4
-4 - (7 + 3 - (6 - -1))
-7
1 + -5 + 5 + (2 - 3)
0
What is (-1 + 1 - (0 - -1)) + 2?
1
Calculate 1 + 3 - (3 + -5 + 3).
3
What is 12 + (11 + -17 - 5)?
1
Evaluate (-14 - -18) + (0 + -9 - -2).
-3
Calculate 1 + 9 + (2 - 11).
1
What is 9 + -10 + 9 - (17 + -4)?
-5
Calculate -6 + 7 + 1 - 6.
-4
(0 - 9) + 8 + -12 + 7
-6
What is the value of 0 - -2 - (-178 + 173)?
7
What is the value of -2 + -1 + -5 - (-5 + 2)?
-5
Calculate 3 - (2 + -2) - 0.
3
What is (1 - -5 - 5) + (10 - 14)?
-3
What is 0 + 0 + -1 + 11 + -7?
3
What is 2 - 0 - (12 - (-3 - -20))?
7
6 + -3 + -6 - -3
0
What is the value of -6 - (-3 - -1) - -3?
-1
Evaluate (3 + -1 - 1) + -4 + 5.
2
Evaluate 3 + (0 - -3 - -3) + -14.
-5
What is the value of -4 + (-8 - (3 - 4)) + 10?
-1
What is the value of -1 - -1 - (1 - (-1 - -3))?
1
What is (-2 - 1 - -3) + 1 + -4?
-3
(6 - 1) + 7 + 18 + -22
8
Calculate -2 - (-5 - -11 - 7).
-1
Calculate (0 - -5) + (-13 + 22 - 13).
1
Calculate (4 - 5 - 3) + 2.
-2
Evaluate 5 - 2 - (-3 + 4).
2
What is the value of 2 - (5 + -2) - 1?
-2
What is the value of -6 - (-2 - (-4 + 8))?
0
Calculate (-13 - -10) + -5 - -9.
1
Calculate 2 + -2 - (-2 + -3).
5
What is -4 - -3 - (-25 - -28)?
-4
Evaluate -3 + -1 + 2 - (-3 + 4).
-3
Evaluate 5 + 6 + -8 + -8 - 2.
-7
What is -1 + 1 - (8 + -5)?
-3
4 - (-1 + -1 + (-27 - -26))
7
Evaluate (4 - (-4 + 12)) + 4.
0
16 + -14 - (2 + 1 + 1)
-2
Evaluate 6 + 1 + 12 + -11.
8
What is 4 + -1 + -1 + 0 + -2?
0
Calculate -9 + -8 + 8 - -5.
-4
What is -7 - -1 - (-2 - -2)?
-6
What is the value of -4 + 6 + -2 - (0 - -2)?
-2
1 + 1 + (20 - 10) + -8
4
What is the value of 10 - (14 - 8 - 0)?
4
Calculate -6 + 6 - (1 - 2) - 1.
0
81 - 90 - (-18 + 1)
8
What is the value of -2 + 5 - (2 - -1) - -1?
1
What is the value of 32 + -33 + (1 - 6)?
-6
What is the value of (5 - -4) + -6 + -6?
-3
What is 4 - 2 - (7 - (7 - 2))?
0
-2 + 2 - -1 - (-5 + 0)
6
What is (-1 - (7 - 2)) + -3 + 4?
-5
What is the value of 4 - ((10 - 9) + -1)?
4
What is (-5 - (6 - 6)) + 6?
1
What is the value of -1 + 2 - (4 - -1)?
-4
What is the value of (-10 - -6) + -1 + 0 + 3?
-2
Calculate -4 + 4 + 0 - 3.
-3
What is the value of -45 - -41 - (-1 + -5)?
2
-2 + -1 + 2 - -3
2
What is (-8 + 2 - -5) + 6?
5
What is 5 - (-7 + 6 - (-3 - 1))?
2
Calculate -5 + (0 - (-1 - 3)).
-1
What is the value of (5 - 6 - -1) + -5?
-5
Evaluate (3 - (-4 - -7)) + (-1 - -5).
4
Evaluate -6 - -8 - (-1 - (-2 + 2)).
3
6 + -4 + (0 - 2 - -4)
4
Evaluate 5 + (-6 - 0) + (-46 - -54).
7
What is the value of (8 - 2) + 1 + 2 + -4?
5
Evaluate -2 - 0 - (0 - -1) - 2.
-5
Calculate -5 + (1 - (-5 + 2 + 1)).
-2
Evaluate 1 - -3 - (3 + 6 + -3).
-2
What is the value of (2 - 1) + -4 + 5 + -1?
1
-11 - -5 - (4 + -6)
-4
4 - ((-1 - -3) + -1) - -2
5
What is 3 + (0 - -5 - 10)?
-2
What is -1 - -3 - (-11 + (-7 - -19))?
1
-1 - -8 - (-13 - -22)
-2
1 + -12 + (-24 - -32)
-3
What is the value of (4 - 10) + -6 + 9?
-3
2 + 1 + -8 + (1 - -2)
-2
What is 3 + (2 - 6) + -3?
-4
What is 6 - 6 - (-5 - -2)?
3
What is -4 + (-5 - -6 - (-1 + 2))?
-4
Calculate 3 - (10 - 6) - -2.
1
Calculate (11 - 5) + -12 - -6.
0
What is the value of 2 - -2 - (-1 - (-4 + 4))?
5
Calculate 86 + -88 + (0 - -7).
5
What is the value of -50 + 37 + 4 + 2?
-7
-3 + -6 + 1 + 13
5
What is -1 - (4 + (2 - 2))?
-5
8 + 3 + -7 + -7
-3
Evaluate 1 + -3 + -10 + 21 - 4.
5
3 + -5 + 5 + -4
-1
Calculate (-5 - (1 - 9)) + -3.
0
What is 147 - 147 - (-10 - 1)?
11
What is the value of 1 + 1 + -4 + 2?
0
Calculate 3 + (1 - (-3 - -9)) + -2.
-4
What is the value of 1 + (0 - -8) + -7 + 4?
6
(13 - 2) + 0 - (-10